r of 6 and z.
6
Let v = -70 + 72. Suppose -274 = -v*a - g, -5*a + 0*a + 672 = -4*g. Let d be ((-1)/3)/(2/(-102)). Calculate the highest common factor of a and d.
17
Let i = -6 + 9. Suppose 5*s - 3*m = 23 + 50, -3*m - i = 0. Suppose 3*h = 4*h - s. What is the greatest common divisor of h and 21?
7
Suppose 5*c = -o + 6*o + 75, -60 = 4*o + 3*c. Let s = -13 - o. Let b = s - -16. Calculate the highest common factor of 12 and b.
6
Let t(i) = 4*i - 15*i + 143*i**2 - 142*i**2. Let g be t(-9). Calculate the highest common divisor of 20 and g.
20
Let x = 887 + -795. What is the highest common divisor of 230 and x?
46
Let z = -3 - -7. Suppose -11 = z*h + 61. Let l be 2/9 + (-500)/h. What is the greatest common divisor of 7 and l?
7
Suppose 4*m + 1 = 9, -3*m = -3*y + 183. What is the highest common factor of 42 and y?
21
Let y = 37 + -16. Let q be ((-24)/9)/(-2) - (-4130)/y. Let g be 5/(-1)*18/(-5). What is the highest common divisor of g and q?
18
Suppose -4*r + 74 = -14. Let y(q) = 7 - 6 + 11*q + 21. Let a be y(14). What is the highest common factor of r and a?
22
Suppose -2*h - l + 18 = 0, 0 = -0*h + 4*h - l - 42. Let b = 19 - 22. Let k be -7*3/(b + 332/120). What is the highest common divisor of k and h?
10
Suppose -3*t + 46 = u, 0 = 4*t - 4*u + 3*u - 52. Let v(j) = -j**2 + 5. Let f be v(0). Suppose f*g - 59 = -t. Calculate the highest common factor of 1 and g.
1
Let r = -4 + 7. Let d(o) = -o**3 + 4*o**2 + 5. Let a be d(4). Suppose a*g = -3*p + 163, r*g + 0*p = 4*p + 121. What is the highest common divisor of 7 and g?
7
Suppose -39*d + 3581 + 6715 = 0. What is the highest common factor of 33 and d?
33
Let u = 59 + -39. Let v be 1020/(-25)*(0 - u/6). What is the highest common divisor of 17 and v?
17
Let g be (-1 + 3)*414/4. Suppose 0 = -2*n - 10, -81*r + 85*r = -2*n + 82. What is the greatest common factor of g and r?
23
Suppose -5*f + f + 834 = -3*s, 2*f = 3*s + 414. Suppose 13*c - 197 = 193. What is the highest common factor of f and c?
30
Suppose 0*q - 312 = -6*q. Suppose 5*t + w - 227 = -0*w, t - 2*w = q. What is the highest common divisor of 46 and t?
46
Let m be -4 + 39/12 - 1743/(-4). What is the highest common divisor of m and 58?
29
Let f = 24 + -6. Let h be 630/4*1*40/50. What is the highest common factor of f and h?
18
Suppose 3*q - 100 + 235 = 0. Let n = -75 - q. Let o = n + 55. Calculate the highest common factor of o and 100.
25
Let r = 14 - -11. Let g be 252/5 + (-3)/15*2. What is the highest common divisor of r and g?
25
Suppose 0 = 3*k + 2*x + 15, k - 2 - 4 = 3*x. Let b be (-3 + (-48)/9)/(1/k). Calculate the highest common factor of 25 and b.
25
Let x(y) = 3*y - 17. Let r be x(5). Let a(b) = -b**3 - 3*b**2 + 4*b - 1. Let o be a(-4). Let p = o - r. Calculate the highest common factor of 11 and p.
1
Suppose -2*j + 8 = h - 23, h - 21 = 3*j. Let s = h - 20. Let z(y) = y**2 - 6*y + 2. Let l be z(s). What is the highest common factor of l and 6?
3
Let x be 96/(14 + -6) - (0 - -2). Let v be (0 + x/(-3))/(2/(-36)). Calculate the greatest common factor of v and 150.
30
Let p be -3 + -132*2*(-2)/(-6). Let q = p + 159. Calculate the highest common factor of q and 17.
17
Let z = 1301 + -371. Suppose y + y - z = -3*h, 4*h - 1226 = 2*y. Calculate the greatest common divisor of 28 and h.
28
Let y be 24/60 - (-8)/5. Let z be 10 - (-6)/(-2) - y. Calculate the highest common factor of z and 15.
5
Let c = 5483 - 3119. What is the highest common factor of c and 12?
12
Let z be 2/(-1 + -1)*-2. Suppose -g = z - 4. Let o be 14/3*12/g. What is the greatest common factor of o and 7?
7
Suppose 20 = -4*z, 1442 = 9*n - 8*n + 4*z. Calculate the greatest common factor of n and 34.
34
Suppose -6*w + 0 = 96. Let b be 2/1 + w/4. Let p be (-730)/(-15) - b/(-3). What is the greatest common divisor of p and 6?
6
Suppose 2*i = -5*r - 2*i + 90, -r = -i - 9. What is the highest common divisor of 14 and r?
14
Let x be 2/4 + 2160/32. Let j = 40 - 9. Let o = j - 14. What is the highest common divisor of o and x?
17
Let c(t) = 4*t - 21. Let v be c(10). Suppose -v = 2*n - 43. Calculate the highest common divisor of n and 12.
12
Let z = -1 - -12. Suppose -z*y + 1876 + 1292 = 0. What is the highest common divisor of y and 36?
36
Suppose 40*n - 399 = 1761. What is the greatest common factor of 72 and n?
18
Let x be 2/36*6 + 2698/6. Calculate the greatest common factor of 630 and x.
90
Let a = -7160 + 7188. Let x(o) = -3*o + 1. Let j be x(-2). What is the greatest common divisor of a and j?
7
Suppose -8*v + 393 = -5*v. Let t = v + -67. Suppose -8 - 8 = -g. What is the greatest common divisor of t and g?
16
Let y(i) = -i**2 + i - 1. Let l(x) = -3*x**2 + 4*x - 3. Let m(k) = l(k) - 6*y(k). Let z be m(-3). Calculate the greatest common divisor of z and 18.
18
Let g be 64/6 - (-13)/39. Let p(y) = 5*y. Let m be p(4). Let t = m - g. What is the greatest common divisor of t and 63?
9
Let j = -55 - -91. Suppose -4*p + 2*l = -180, 2*p - j = -4*l + 34. Suppose 25 = -5*r, 4*w + p = -4*r + 127. What is the greatest common factor of w and 208?
26
Let u = 361 + -354. Suppose -r + 0*r - 136 = -5*n, 2*n = 3*r + 44. What is the greatest common divisor of u and n?
7
Suppose -63*u + 439 = -254. Let s be 4 + (-1 - 1) - -42. Calculate the greatest common factor of u and s.
11
Let r = -406 + 602. Calculate the highest common factor of r and 147.
49
Let k = 1 - -2. Let l be 9 + -3*(-2)/k. What is the highest common factor of l and 55?
11
Suppose -a + 4*a = 4*w + 13, 0 = 5*a - w - 16. Let j be (-6)/((-6)/a) + 0. Calculate the greatest common factor of j and 6.
3
Suppose -9*z = -13*z + 256. What is the greatest common divisor of 576 and z?
64
Suppose o + 74 = 2*g, 0 = -3*g + 2*g + 4*o + 51. Let i = 2064 + -2057. What is the greatest common divisor of i and g?
7
Let i(x) = x - 6. Suppose 8 = 4*u - 48. Let f be i(u). Suppose 0 = -s + 5*s - f. Calculate the greatest common factor of 22 and s.
2
Let i = 864 - 243. Calculate the greatest common divisor of 23 and i.
23
Suppose 31*y - 21*y = 3840. What is the greatest common factor of y and 48?
48
Suppose 45*c - 297 = 558. Let l be -1*3 - (-12)/4. Suppose l = 4*g - 2 - 302. Calculate the greatest common factor of c and g.
19
Let x(r) = r + 11. Let c be x(-5). Suppose -3*m + 3*d + 54 = 2*m, 58 = 4*m + 5*d. What is the greatest common divisor of m and c?
6
Let h = 30 - 23. Calculate the highest common factor of h and 21.
7
Let u(z) = 20*z**2 + 172*z - 9. Let x be u(-9). Calculate the greatest common divisor of 6 and x.
3
Let b(j) = -j**3 - 4*j**2 + 8. Let q be b(-3). Let c = q + 25. What is the greatest common divisor of c and 60?
12
Let u(x) = 47*x**2 - 3*x + 4. Let d be u(1). Let w(k) = -k**3 + 11*k**2 + 14*k - 8. Let g be w(12). What is the greatest common factor of d and g?
16
Let g(o) = -o**3 - 2*o**2 + o + 8. Let w be g(0). Calculate the highest common divisor of w and 104.
8
Let x(a) = 80*a**2 + 2*a - 1. Let f be x(1). Suppose 9*z - 90 = -z. What is the highest common factor of z and f?
9
Let m = 70 - 64. Suppose 0 = 7*o + m*o - 481. What is the greatest common divisor of 407 and o?
37
Let n = 741 + -543. What is the highest common divisor of n and 54?
18
Let h(w) = -3*w + 85. Let a be h(21). What is the greatest common divisor of a and 814?
22
Suppose 165 = 3*r + 2*r + 5*j, 0 = r - 2*j - 18. Calculate the highest common factor of 24 and r.
4
Let q = 6677 + -6676. Let c be 4*1*(-11)/(-4). What is the greatest common divisor of q and c?
1
Let m = -10 + 4. Let w be (-80)/m - 1/3. Let b = 34 - 8. What is the highest common factor of b and w?
13
Suppose 0 = -24*t + 4620 + 9204. What is the highest common divisor of t and 3?
3
Suppose -3*t + 56 = 5*b, 2*t + 44 = -3*b + 78. Let r(i) = 26*i**2 + 3*i + 2. Let a be r(-2). Calculate the greatest common factor of a and b.
10
Suppose 4*s = -s + 10. Suppose -v + 351 = s*v. Let d = -59 + v. What is the highest common divisor of d and 29?
29
Let o = 1404 - 1374. What is the highest common divisor of o and 54?
6
Let s = -420 - -498. Calculate the greatest common factor of 26 and s.
26
Let u be (-1)/(2/(-14))*-2. Let a(o) = -6*o + 28. Let v be a(u). Calculate the highest common divisor of 14 and v.
14
Suppose 0 = -8*x - 996 + 100. Let v = -27 - x. Calculate the highest common divisor of 17 and v.
17
Let s(t) = -82*t**3 +